{"id":6,"date":"2021-09-02T11:03:31","date_gmt":"2021-09-02T11:03:31","guid":{"rendered":"http:\/\/kolaykurulum.com\/?page_id=6"},"modified":"2021-09-02T11:03:31","modified_gmt":"2021-09-02T11:03:31","slug":"hakkimizda","status":"publish","type":"page","link":"http:\/\/kolaykurulum.com\/index.php\/hakkimizda\/","title":{"rendered":"Hakk\u0131m\u0131zda"},"content":{"rendered":"\n<p>Kendini ve i\u015flerini tan\u0131tmak isteyen bir sanat\u00e7\u0131 olabilece\u011finiz gibi misyonunu a\u00e7\u0131klamak isteyen bir firma da olabilirsiniz.<\/p>\n","protected":false},"excerpt":{"rendered":"<div class=\"mh-excerpt\"><p>Kendini ve i\u015flerini tan\u0131tmak isteyen bir sanat\u00e7\u0131 olabilece\u011finiz gibi misyonunu a\u00e7\u0131klamak isteyen bir firma da olabilirsiniz.<\/p>\n<\/div>","protected":false},"author":1,"featured_media":0,"parent":0,"menu_order":0,"comment_status":"closed","ping_status":"closed","template":"","meta":[],"yoast_head":"<!-- This site is optimized with the Yoast SEO plugin v17.0 - https:\/\/yoast.com\/wordpress\/plugins\/seo\/ -->\r\n<title>Hakk\u0131m\u0131zda - Kolaykurulum<\/title>\r\n<meta name=\"robots\" content=\"index, follow, max-snippet:-1, max-image-preview:large, max-video-preview:-1\" \/>\r\n<link rel=\"canonical\" href=\"http:\/\/kolaykurulum.com\/index.php\/hakkimizda\/\" \/>\r\n<meta property=\"og:locale\" content=\"tr_TR\" \/>\r\n<meta property=\"og:type\" content=\"article\" \/>\r\n<meta property=\"og:title\" content=\"Hakk\u0131m\u0131zda - Kolaykurulum\" \/>\r\n<meta property=\"og:description\" content=\"Kendini ve i\u015flerini tan\u0131tmak isteyen bir sanat\u00e7\u0131 olabilece\u011finiz gibi misyonunu a\u00e7\u0131klamak isteyen bir firma da olabilirsiniz.\" \/>\r\n<meta property=\"og:url\" content=\"http:\/\/kolaykurulum.com\/index.php\/hakkimizda\/\" \/>\r\n<meta property=\"og:site_name\" content=\"Kolaykurulum\" \/>\r\n<meta name=\"twitter:card\" content=\"summary_large_image\" \/>\r\n<script type=\"application\/ld+json\" class=\"yoast-schema-graph\">{\"@context\":\"https:\/\/schema.org\",\"@graph\":[{\"@type\":\"WebSite\",\"@id\":\"http:\/\/kolaykurulum.com\/#website\",\"url\":\"http:\/\/kolaykurulum.com\/\",\"name\":\"Kolaykurulum\",\"description\":\"her\\u015feyin kurulum bilgisi burada\",\"potentialAction\":[{\"@type\":\"SearchAction\",\"target\":{\"@type\":\"EntryPoint\",\"urlTemplate\":\"http:\/\/kolaykurulum.com\/?s={search_term_string}\"},\"query-input\":\"required name=search_term_string\"}],\"inLanguage\":\"tr\"},{\"@type\":\"WebPage\",\"@id\":\"http:\/\/kolaykurulum.com\/index.php\/hakkimizda\/#webpage\",\"url\":\"http:\/\/kolaykurulum.com\/index.php\/hakkimizda\/\",\"name\":\"Hakk\\u0131m\\u0131zda - Kolaykurulum\",\"isPartOf\":{\"@id\":\"http:\/\/kolaykurulum.com\/#website\"},\"datePublished\":\"2021-09-02T11:03:31+00:00\",\"dateModified\":\"2021-09-02T11:03:31+00:00\",\"breadcrumb\":{\"@id\":\"http:\/\/kolaykurulum.com\/index.php\/hakkimizda\/#breadcrumb\"},\"inLanguage\":\"tr\",\"potentialAction\":[{\"@type\":\"ReadAction\",\"target\":[\"http:\/\/kolaykurulum.com\/index.php\/hakkimizda\/\"]}]},{\"@type\":\"BreadcrumbList\",\"@id\":\"http:\/\/kolaykurulum.com\/index.php\/hakkimizda\/#breadcrumb\",\"itemListElement\":[{\"@type\":\"ListItem\",\"position\":1,\"name\":\"Anasayfa\",\"item\":\"http:\/\/kolaykurulum.com\/\"},{\"@type\":\"ListItem\",\"position\":2,\"name\":\"Hakk\\u0131m\\u0131zda\"}]}]}<\/script>\r\n<!-- \/ Yoast SEO plugin. -->","yoast_head_json":{"title":"Hakk\u0131m\u0131zda - Kolaykurulum","robots":{"index":"index","follow":"follow","max-snippet":"max-snippet:-1","max-image-preview":"max-image-preview:large","max-video-preview":"max-video-preview:-1"},"canonical":"http:\/\/kolaykurulum.com\/index.php\/hakkimizda\/","og_locale":"tr_TR","og_type":"article","og_title":"Hakk\u0131m\u0131zda - Kolaykurulum","og_description":"Kendini ve i\u015flerini tan\u0131tmak isteyen bir sanat\u00e7\u0131 olabilece\u011finiz gibi misyonunu a\u00e7\u0131klamak isteyen bir firma da olabilirsiniz.","og_url":"http:\/\/kolaykurulum.com\/index.php\/hakkimizda\/","og_site_name":"Kolaykurulum","twitter_card":"summary_large_image","schema":{"@context":"https:\/\/schema.org","@graph":[{"@type":"WebSite","@id":"http:\/\/kolaykurulum.com\/#website","url":"http:\/\/kolaykurulum.com\/","name":"Kolaykurulum","description":"her\u015feyin kurulum bilgisi burada","potentialAction":[{"@type":"SearchAction","target":{"@type":"EntryPoint","urlTemplate":"http:\/\/kolaykurulum.com\/?s={search_term_string}"},"query-input":"required name=search_term_string"}],"inLanguage":"tr"},{"@type":"WebPage","@id":"http:\/\/kolaykurulum.com\/index.php\/hakkimizda\/#webpage","url":"http:\/\/kolaykurulum.com\/index.php\/hakkimizda\/","name":"Hakk\u0131m\u0131zda - Kolaykurulum","isPartOf":{"@id":"http:\/\/kolaykurulum.com\/#website"},"datePublished":"2021-09-02T11:03:31+00:00","dateModified":"2021-09-02T11:03:31+00:00","breadcrumb":{"@id":"http:\/\/kolaykurulum.com\/index.php\/hakkimizda\/#breadcrumb"},"inLanguage":"tr","potentialAction":[{"@type":"ReadAction","target":["http:\/\/kolaykurulum.com\/index.php\/hakkimizda\/"]}]},{"@type":"BreadcrumbList","@id":"http:\/\/kolaykurulum.com\/index.php\/hakkimizda\/#breadcrumb","itemListElement":[{"@type":"ListItem","position":1,"name":"Anasayfa","item":"http:\/\/kolaykurulum.com\/"},{"@type":"ListItem","position":2,"name":"Hakk\u0131m\u0131zda"}]}]}},"_links":{"self":[{"href":"http:\/\/kolaykurulum.com\/index.php\/wp-json\/wp\/v2\/pages\/6"}],"collection":[{"href":"http:\/\/kolaykurulum.com\/index.php\/wp-json\/wp\/v2\/pages"}],"about":[{"href":"http:\/\/kolaykurulum.com\/index.php\/wp-json\/wp\/v2\/types\/page"}],"author":[{"embeddable":true,"href":"http:\/\/kolaykurulum.com\/index.php\/wp-json\/wp\/v2\/users\/1"}],"replies":[{"embeddable":true,"href":"http:\/\/kolaykurulum.com\/index.php\/wp-json\/wp\/v2\/comments?post=6"}],"version-history":[{"count":1,"href":"http:\/\/kolaykurulum.com\/index.php\/wp-json\/wp\/v2\/pages\/6\/revisions"}],"predecessor-version":[{"id":11,"href":"http:\/\/kolaykurulum.com\/index.php\/wp-json\/wp\/v2\/pages\/6\/revisions\/11"}],"wp:attachment":[{"href":"http:\/\/kolaykurulum.com\/index.php\/wp-json\/wp\/v2\/media?parent=6"}],"curies":[{"name":"wp","href":"https:\/\/api.w.org\/{rel}","templated":true}]}}